hat is the units digit of 1174?
4
What is the hundreds digit of 19357?
3
What is the tens digit of 3812?
1
What is the tens digit of 2120?
2
What is the tens digit of 4676?
7
What is the hundreds digit of 2256?
2
What is the tens digit of 21?
2
What is the units digit of 1827?
7
What is the tens digit of 1815?
1
What is the thousands digit of 26908?
6
What is the hundreds digit of 23120?
1
What is the units digit of 710?
0
What is the tens digit of 40359?
5
What is the thousands digit of 9727?
9
What is the thousands digit of 1337?
1
What is the units digit of 724?
4
What is the thousands digit of 13509?
3
What is the ten thousands digit of 103485?
0
What is the hundred thousands digit of 201394?
2
What is the tens digit of 2883?
8
What is the thousands digit of 18494?
8
What is the tens digit of 7362?
6
What is the hundreds digit of 1198?
1
What is the hundreds digit of 2552?
5
What is the tens digit of 240?
4
What is the thousands digit of 32528?
2
What is the tens digit of 64?
6
What is the hundreds digit of 5857?
8
What is the tens digit of 766?
6
What is the tens digit of 529?
2
What is the units digit of 44123?
3
What is the tens digit of 16855?
5
What is the ten thousands digit of 13353?
1
What is the ten thousands digit of 19985?
1
What is the units digit of 1815?
5
What is the tens digit of 1683?
8
What is the tens digit of 736?
3
What is the units digit of 3771?
1
What is the units digit of 1054?
4
What is the units digit of 3318?
8
What is the hundreds digit of 1231?
2
What is the hundreds digit of 3130?
1
What is the units digit of 4303?
3
What is the hundreds digit of 438?
4
What is the thousands digit of 7733?
7
What is the tens digit of 4001?
0
What is the ten thousands digit of 29013?
2
What is the units digit of 43?
3
What is the hundreds digit of 42370?
3
What is the units digit of 418?
8
What is the units digit of 1218?
8
What is the units digit of 18145?
5
What is the tens digit of 498?
9
What is the thousands digit of 42756?
2
What is the units digit of 1209?
9
What is the tens digit of 39100?
0
What is the hundreds digit of 829?
8
What is the hundreds digit of 2556?
5
What is the ten thousands digit of 45120?
4
What is the thousands digit of 4106?
4
What is the hundreds digit of 498?
4
What is the tens digit of 13176?
7
What is the tens digit of 29789?
8
What is the thousands digit of 6034?
6
What is the thousands digit of 7528?
7
What is the thousands digit of 4407?
4
What is the hundreds digit of 1054?
0
What is the tens digit of 6758?
5
What is the thousands digit of 1509?
1
What is the tens digit of 4384?
8
What is the ten thousands digit of 40712?
4
What is the hundreds digit of 3106?
1
What is the tens digit of 21?
2
What is the thousands digit of 4508?
4
What is the tens digit of 53665?
6
What is the units digit of 712?
2
What is the hundreds digit of 2772?
7
What is the thousands digit of 159512?
9
What is the hundreds digit of 6475?
4
What is the units digit of 126127?
7
What is the units digit of 367?
7
What is the units digit of 23527?
7
What is the tens digit of 54095?
9
What is the ten thousands digit of 17724?
1
What is the hundreds digit of 15653?
6
What is the units digit of 8504?
4
What is the units digit of 14259?
9
What is the hundreds digit of 9060?
0
What is the tens digit of 754?
5
What is the tens digit of 487?
8
What is the units digit of 268?
8
What is the units digit of 201?
1
What is the hundreds digit of 480?
4
What is the hundreds digit of 4447?
4
What is the tens digit of 1683?
8
What is the hundreds digit of 1693?
6
What is the thousands digit of 26917?
6
What is the units digit of 80239?
9
What is the units digit of 322?
2
What is the tens digit of 683?
8
What is the tens digit of 3312?
1
What is the thousands digit of 2443?
2
What is the hundreds digit of 493?
4
What is the hundreds digit of 3772?
7
What is the hundreds digit of 644?
6
What is the units digit of 3355?
5
What is the tens digit of 21488?
8
What is the units digit of 3291?
1
What is the thousands digit of 28356?
8
What is the tens digit of 7469?
6
What is the units digit of 378?
8
What is the units digit of 1308?
8
What is the units digit of 2077?
7
What is the ten thousands digit of 38224?
3
What is the units digit of 142852?
2
What is the hundreds digit of 1074?
0
What is the tens digit of 2961?
6
What is the tens digit of 89571?
7
What is the units digit of 6860?
0
What is the hundreds digit of 20804?
8
What is the hundreds digit of 7936?
9
What is the tens digit of 150?
5
What is the hundreds digit of 41959?
9
What is the ten thousands digit of 21915?
2
What is the units digit of 2867?
7
What is the units digit of 56159?
9
What is the thousands digit of 1984?
1
What is the thousands digit of 43259?
3
What is the hundreds digit of 44600?
6
What is the thousands digit of 2768?
2
What is the units digit of 11749?
9
What is the units digit of 5045?
5
What is the hundreds digit of 1430?
4
What is the thousands digit of 1091?
1
What is the tens digit of 158?
5
What is the tens digit of 109?
0
What is the ten thousands digit of 12193?
1
What is the units digit of 83?
3
What is the tens digit of 3408?
0
What is the ten thousands digit of 14512?
1
What is the units digit of 5357?
7
What is the tens digit of 1040?
4
What is the units digit of 3348?
8
What is the hundreds digit of 6128?
1
What is the units digit of 1137?
7
What is the tens digit of 2367?
6
What is the units digit of 1233?
3
What is the units digit of 23194?
4
What is the hundreds digit of 989?
9
What is the tens digit of 692?
9
What is the tens digit of 9454?
5
What is the tens digit of 1112?
1
What is the hundreds digit of 13127?
1
What is the hundreds digit of 9123?
1
What is the tens digit of 8606?
0
What is the thousands digit of 1169?
1
What is the thousands digit of 27696?
7
What is the hundreds digit of 6443?
4
What is the units digit of 649?
9
What is the units digit of 151634?
4
What is the units digit of 20284?
4
What is the hundreds digit of 15729?
7
What is the hundreds digit of 2126?
1
What is the ten thousands digit of 46653?
4
What is the hundreds digit of 4122?
1
What is the ten thousands digit of 16675?
1
What is the thousands digit of 8435?
8
What is the units digit of 18577?
7
What is the hundreds digit of 993?
9
What is the units digit of 4184?
4
What is the hundreds digit of 6023?
0
What is the hundreds digit of 14933?
9
What is the thousands digit of 5036?
5
What is the tens digit of 528?
2
What is the tens digit of 2978?
7
What is the ten thousands digit of 51653?
5
What is the hundreds digit of 352?
3
What is the hundreds digit of 168?
1
What is the tens digit of 7846?
4
What is the thousands digit of 3366?
3
What is the units digit of 4176?
6
What is the tens digit of 3383?
8
What is the hundreds digit of 17549?
5
What is the thousands digit of 3691?
3
What is the tens digit of 7181?
8
What is the tens digit of 526?
2
What is the tens digit of 8262?
6
What is the tens digit of 41924?
2
What is the tens digit of 2077?
7
What is the thousands digit of 8933?
8
What is the hundreds digit of 943?
9
What is the tens digit of 1861?
6
What is the hundreds digit of 207?
2
What is the tens digit of 100617?
1
What is the hundreds digit of 6708?
7
What is the hundreds digit of 9840?
8
What is the thousands digit of 1928?
1
What is the hundreds digit of 2318?
3
What is the units digit of 668?
8
What is the hundreds digit of 348?
3
What is the hundreds digit of 392?
3
What is the hundreds digit of 895?
8
What is the tens digit of 3766?
6
What is the units digit of 7096?
6
What is the hundreds digit of 7025?
0
What is the hundreds digit of 14577?
5
What is the units digit of 575?
5
What is the thousands digit of 4632?
4
What is the tens digit of 587?
8
What is the hundreds digit of 1277?
2
What is the ten thousands digit of 92000?
9
What is the thousands digit of 2942?
2
What is the units digit of 21282?
2
What is the units digit of 2630?
0
What is the tens digit of 137983?
8
What is the hundreds digit of 27052?
0
What is the units digit of 3255?
5
What is the units digit of 10047?
7
What is the thousands digit of 41937?
1
What is the tens digit of 268?
6
What is the hundreds digit of 282?
2
What is the thousands digit of 13421?
3
What is the thousand